+ 9 + 1. Let l(o) = o**3 + 5*o**2 - 2*o + 3. What is the remainder when f is divided by l(w)?
12
Let i(o) = -o**2 + 12*o + 3. What is the remainder when i(8) is divided by 12?
11
Suppose 9*s - 7*s = 28. Let h be ((-39)/(-6))/(2/4). Suppose 5*x = m + 45, -9 = -4*x - 2*m + h. Calculate the remainder when s is divided by x.
6
Let s(m) = -m**3 + 4*m**2 - 4*m + 5. Let d be s(4). Let i = d - 13. Let h = i + 36. What is the remainder when h is divided by 7?
5
Let h(p) = -p**3 - 6*p**2 - 10*p - 1. What is the remainder when h(-5) is divided by 5?
4
Suppose y = 3 - 0. Suppose -5*h + y*h = -3*f - 35, f + 120 = 5*h. Calculate the remainder when 73 is divided by h.
23
Let u(o) = 3*o**2 - 2*o. Let m be u(-2). Suppose b - 1 = m. Let v = -81 + 114. What is the remainder when v is divided by b?
16
Let s = -4 + 7. Suppose k - 5*f = -2*k + 57, -4*k + s*f + 76 = 0. Calculate the remainder when k is divided by 7.
5
Suppose -d = 2*d. Let q(w) = 163*w - 1. Let s be q(1). Suppose -j + 4*j - s = d. What is the remainder when j is divided by 14?
12
Let a be (-3)/2*12/9. Let p be (-174)/(-4) - a/4. Suppose -k + 3 = 1, -2*t + 4*k + p = 0. Calculate the remainder when t is divided by 9.
8
Let y = -7 - -14. Suppose -2*z - 8 = -y*z + c, -3*z = c. Suppose -4*s = -18 + 6. Calculate the remainder when s is divided by z.
0
Suppose 4*y - 10 = q + 4, 3*y = 0. Let u = q - -49. Let w = 56 - u. Calculate the remainder when w is divided by 11.
10
Suppose 0 = -2*p - p - 2*m - 214, 5*p - 2*m + 378 = 0. Let x = -53 - p. Calculate the remainder when x is divided by 8.
5
Let i(y) be the second derivative of -y**4/12 + 3*y**3/2 - y**2 - y. Let n be i(8). Suppose 0 = -4*c + n*c - 12. What is the remainder when 23 is divided by c?
5
Suppose -3*t = z - 121, -z - 225 = -5*t + 2*z. Suppose -j + 106 = 5*c, c + 4*j = 5*j + 26. What is the remainder when t is divided by c?
20
Suppose 0 = -2*x - 2*a - 3*a + 106, -3*a = -4*x + 212. What is the remainder when x is divided by 14/(0 + (-4)/(-8))?
25
Let y(m) = -m**3 - 2*m**2 + 4*m + 8. What is the remainder when y(-5) is divided by 16?
15
Suppose -2*s + 62 = -12. Suppose -5*k + 4 - s = -2*h, 0 = -5*k + 25. What is the remainder when h is divided by (-4)/(3 + (-17)/5)?
9
Suppose -2*m + 0 = -6. Suppose -3 = -m*p + 2*p. Suppose l - p*n = 50, -5 = l + 4*n - 55. What is the remainder when l is divided by 17?
16
Let z(m) = -m**3 + m**2 + m + 49. Calculate the remainder when z(0) is divided by (-172)/(-10) - 1/5.
15
Suppose -10 = -5*g + 5*z, 20 = -8*g + 3*g - z. Let f(l) = -2*l**3 - 2*l**2 + 4*l + 2. Calculate the remainder when f(g) is divided by -4 - -4*3 - -1.
8
Let p(a) = a**3 + 5*a**2 - 8*a + 1. Let u be p(-6). Suppose 55 = 4*z - u. What is the remainder when z is divided by 9?
8
Suppose -w - 7 = 5*r - 37, 0 = -5*r + 5*w + 60. Let y = -7 + 4. Let g = y + 7. Calculate the remainder when r is divided by g.
3
Let j(a) be the third derivative of -a**4/12 + a**3/6 - 4*a**2. What is the remainder when j(-4) is divided by 5?
4
Suppose -5*v + 3*j + 18 = -16, -4*j + 40 = 4*v. Let l = 1 - v. What is the remainder when 3 is divided by -2 + 0 + 10 + l?
0
Suppose 17 = 2*x - 13. Let d = 72 - 43. What is the remainder when d is divided by x?
14
Let k = 190 - 106. Suppose -7*x + 3*x = -k. Suppose -x + 8 = -o. What is the remainder when o is divided by 5?
3
Suppose -3 - 11 = 2*h - c, -3*h - 4*c - 32 = 0. Let m(i) = -i**2 - 11*i. What is the remainder when m(h) is divided by 9?
6
Let a = -7 - -15. Suppose -3*g + a = g. Calculate the remainder when g is divided by 6/(-9)*(-6)/2.
0
Let i(f) = f**3 + 2*f**2 - 3. Let w = -5 - -8. What is the remainder when i(w) is divided by 15?
12
Suppose 81 = 2*d + 3*p - 1, 31 = d - p. What is the remainder when 103 is divided by d?
33
Suppose 0 = -0*r + 4*r - 5*q - 17, -2*r - q = -5. Let d = 9 - r. Let k(l) = -3*l - 6. Calculate the remainder when k(-5) is divided by d.
3
Suppose 13*j = 18*j - 60. What is the remainder when 25 is divided by j?
1
Let f be 4/(-10) + (-27)/(-5). Suppose 3 = q - 1. Let k = q + f. Calculate the remainder when k is divided by 5.
4
Calculate the remainder when (-5)/15*-1*243 is divided by 14.
11
Suppose 0 = 4*v - 39 - 25. Suppose -29 = 6*m - 7*m. What is the remainder when m is divided by v?
13
Calculate the remainder when (10/(-8))/((-4)/48) is divided by 7.
1
Let p = -8 - -8. Let o = 3 - p. Suppose -d - 6 = o*d + 5*f, -4*d + f + 6 = 0. Calculate the remainder when 1 is divided by d.
0
Let z(c) = -c**3 + 10*c**2 + 14*c + 6. Calculate the remainder when z(11) is divided by 20.
19
Let n be 45/(-10)*(-4)/3. What is the remainder when 11 is divided by (-2)/2 + -1 + n?
3
Let f(t) = -t - 8. Let n be f(-6). What is the remainder when 34 is divided by n/2*4*-3?
10
Suppose -2*a = 4*d - 55 - 21, 2*d - 38 = -4*a. Calculate the remainder when d is divided by 2 - -2 - (-4 - -3).
4
Let q = 41 - 20. Let g = q - 15. Calculate the remainder when g is divided by 5.
1
Suppose q - 6*q = -20, -2*y - 4 = 3*q. Let w = -5 - y. Suppose 2*x - w*x + 12 = 0. Calculate the remainder when 35 is divided by x.
11
Let l be (2/4)/((-2)/(-12)). Calculate the remainder when 3 is divided by -2 + l + -1 - -2.
1
Let k(z) = z + 15. Calculate the remainder when 52 is divided by k(12).
25
Suppose -4*h - 11 - 13 = 0. Let o be (1 + -17)*3/h. Let n(x) = x**2 - 4*x - 10. What is the remainder when 65 is divided by n(o)?
21
Calculate the remainder when 7 is divided by 2*((-16)/(-12) + 2/(-6)).
1
What is the remainder when (-4)/(-10) - 726/(-10) is divided by 19?
16
Let v be 0 + -1 + 5 + -45. Let s = -23 - v. What is the remainder when 33 is divided by s?
15
Suppose -2*m + 28 = -2. What is the remainder when m is divided by 7?
1
Let a = -9 - -7. Let j = a + 4. Suppose 0 = -y - j*y + 141. Calculate the remainder when y is divided by 12.
11
Suppose 2*v + 5 - 11 = 0. What is the remainder when 12 is divided by v?
0
Suppose 0 = 3*j - y - 1, 4*y = 5*j - 3 - 1. Let t = -29 + 51. Suppose l = -j*l + t. Calculate the remainder when l is divided by 12.
10
Let k = 10 + -12. Calculate the remainder when 22 is divided by 1/k + 102/12.
6
Let y = 68 + -20. Suppose 2*g + 7*d - 32 = 4*d, -3*g + y = -2*d. Calculate the remainder when (-12)/8*94/(-3) is divided by g.
15
Suppose 1 = c + 5*o, 5*c - 31 = -9*o + 10*o. Let k(f) = 4*f - 1. Calculate the remainder when k(3) is divided by c.
5
Let y be 6/(-21) + 69/21. Suppose -o + 0*o + 3*j + 16 = 0, -y*j = -3*o + 66. Calculate the remainder when o is divided by 14.
11
Let p(v) = v**3 + 8*v**2 + 8*v + 7. Let h be p(-7). Suppose h = 3*c + 3*w - 165 - 51, 4*w = -2*c + 134. Calculate the remainder when c is divided by 20.
17
Let i = -12 + 13. What is the remainder when 32 is divided by (-10 + 32)/(i + 1)?
10
Suppose k = -k. Suppose -3*h + 27 = -k*h. What is the remainder when 26 is divided by h?
8
Suppose -9 = 2*j + j - 3*u, -3*u + 6 = 0. What is the remainder when (j - -3 - -1)*10 is divided by 8?
6
Let v(y) = -3*y. Let c be v(5). Let s = -7 - c. What is the remainder when s is divided by 3?
2
Let g(j) = j**3 - 8*j**2 + 7*j + 2. Let v be g(7). Let z = v + 11. Calculate the remainder when z is divided by (0 - -10)/(6/3).
3
Let l = -121 + 171. Calculate the remainder when l is divided by 13.
11
Let n be (-20)/(-15)*3/2. Suppose n*a = -3*a + 55. What is the remainder when 21 is divided by a?
10
Suppose p = 7*p - 42. Calculate the remainder when p is divided by 3.
1
Suppose -2*z + 87 = 5*c, -3*z - 48 = -3*c - 0*c. Calculate the remainder when 84 is divided by c.
16
Suppose 0 = -x + 5*t + 43, -3*x - 2*t + 22 = -2*x. Let g = x - 14. What is the remainder when 27 is divided by g?
13
Suppose 4 = -3*d + 13. Suppose -d*z - 2*z = -35. Calculate the remainder when (z/2)/((-2)/(-4)) is divided by 4.
3
Suppose -2*d - 4*q + 12 = d, 0 = -5*d - 5*q + 15. Suppose -66 = -5*z - 4*t, -2*z - 3*z - t + 54 = d. What is the remainder when 18 is divided by z?
8
Let a be -4 - (0 - 3) - 3. Let u = a - -9. What is the remainder when 17 is divided by u?
2
Suppose 10 = 2*s - 40. Suppose 130 + 17 = 3*g. Calculate the remainder when g is divided by s.
24
Let f = -13 + 15. Suppose 4*o = -g + 92, 0*g = -4*g - f*o + 354. Calculate the remainder when g is divided by 30.
28
Suppose -9*s + 600 = 41*s. Let a(l) = -l**3 + 5*l**2 + 4*l - 6. Let p be a(6). Let h = p - -39.